332230010?
-1301332230001
In base 16, what is -26 - -1bebd?
1be97
In base 16, what is 13806f + -9e?
137fd1
In base 14, what is -8b83 + -5a6?
-9349
In base 16, what is 124 - -24c9?
25ed
In base 5, what is -101011 + -114320?
-220331
In base 6, what is -3 + -45151013430?
-45151013433
In base 2, what is -10000100110111010101 + -101110110?
-10000100111101001011
In base 4, what is -10033132 + -31032?
-10130230
In base 5, what is 21 - 14123212432?
-14123212411
In base 8, what is -1 - 14404605?
-14404606
In base 8, what is 5330 - -167751?
175301
In base 3, what is 20021200 + -2121?
20012002
In base 14, what is -338 + 18843?
18509
In base 11, what is -922 - 881a?
-9641
In base 9, what is -7726 + -2123?
-10850
In base 8, what is -60742453 + -4?
-60742457
In base 11, what is -39a138 - a6a?
-3a00a7
In base 6, what is 24140 - 1051?
23045
In base 7, what is 1010604 - -13?
1010620
In base 8, what is -503 - 7225171?
-7225674
In base 14, what is 1961b0 + -5?
1961a9
In base 13, what is 246 - 3b72a9?
-3b7063
In base 16, what is -634383 + -3?
-634386
In base 5, what is 34402122 - 1403?
34400214
In base 4, what is 221010 + 33010223?
33231233
In base 13, what is 1b6 + -74b6?
-7300
In base 6, what is -2 + -2535003240?
-2535003242
In base 11, what is -5 - 706747?
-706751
In base 9, what is -3 - -371418722?
371418718
In base 8, what is -1 + 10320052?
10320051
In base 9, what is 245445 - 27?
245417
In base 11, what is -2 + 322a024?
322a022
In base 6, what is -4442 + 24025?
15143
In base 15, what is 29e + -43737?
-43488
In base 6, what is -2434 + -310103?
-312541
In base 8, what is -301471626 - -1?
-301471625
In base 9, what is -25524775 - -2?
-25524773
In base 14, what is 239687 + b2?
239759
In base 10, what is -10 - -7915118?
7915108
In base 14, what is -4db + 839a?
7c9d
In base 13, what is -3 - 39818ab?
-39818b1
In base 12, what is 17570524 + -5?
1757051b
In base 12, what is -55a84 + 1a?
-55a66
In base 16, what is 13630a9 + -a?
136309f
In base 14, what is 30244bb - 29?
3024492
In base 4, what is 1102301303311 - -2?
1102301303313
In base 7, what is 3 - 101553352?
-101553346
In base 6, what is -43241310 + 400?
-43240510
In base 12, what is 988 + -a03?
-37
In base 8, what is 4 + -2373415155?
-2373415151
In base 13, what is 2a4a5a27 - -4?
2a4a5a2b
In base 6, what is 11 + -104322045?
-104322034
In base 13, what is 15 + -ab19?
-ab04
In base 7, what is 501325 + 1014?
502342
In base 6, what is -1343234 - -3231?
-1340003
In base 6, what is -4 - -2303114440?
2303114432
In base 11, what is 411 + -19526?
-19115
In base 12, what is b0 + 130929?
130a19
In base 3, what is -22012200220 + 2101?
-22012121112
In base 2, what is -10010111000111100 - -100001101011?
-10010010111010001
In base 4, what is 11 + 2130231122232?
2130231122303
In base 4, what is 313200 - -2110?
321310
In base 2, what is -10000001000000 + 10010100001?
-1101110011111
In base 12, what is -737122 - -4?
-73711a
In base 13, what is -4594a4 + -3a?
-459511
In base 15, what is 118cb40 + -6?
118cb39
In base 10, what is 369 - 208926?
-208557
In base 2, what is 10111101010100 - 1001010101?
10110011111111
In base 5, what is 200130142 - 31?
200130111
In base 8, what is -245503 + -316?
-246021
In base 3, what is 1121121112121202200 + 12?
1121121112121202212
In base 16, what is 7fac + 7d8a?
fd36
In base 12, what is 117b279 + 4?
117b281
In base 8, what is -3473225 + -151?
-3473376
In base 2, what is 0 + -10110010000000001100011?
-10110010000000001100011
In base 16, what is -5d6 - 17e97?
-1846d
In base 6, what is 51502513 - -1310?
51504223
In base 16, what is 2587 - d4?
24b3
In base 15, what is -62 - -12db35?
12dac3
In base 16, what is d67a2 + -6c?
d6736
In base 6, what is 21412 - 12135?
5233
In base 6, what is 4142 - -505223?
513405
In base 2, what is 100001001101 + -1001011110010?
-101010100101
In base 11, what is -5 - -39596474?
3959646a
In base 14, what is 473 + -dc578?
-dc105
In base 11, what is 70 + -141775?
-141705
In base 13, what is -29459230 - -4?
-29459229
In base 2, what is 1100110 - 100111011010011011101?
-100111011010001110111
In base 2, what is 11001000000000101001011 - 1?
11001000000000101001010
In base 4, what is 3032012112 + 102230?
3032121002
In base 2, what is 100 + -10010100010101011010?
-10010100010101010110
In base 3, what is -210120 + 2201122122?
2200212002
In base 9, what is 3367461 + -17?
3367443
In base 12, what is -30020 - 147?
-30167
In base 12, what is 1b437192 - -5?
1b437197
In base 4, what is -10111121 - 33130?
-10210311
In base 12, what is -19786a55a - -3?
-19786a557
In base 14, what is -c435a - 83?
-c43dd
In base 16, what is -d966b - -1?
-d966a
In base 15, what is -3 - -c99a39?
c99a36
In base 9, what is -276 + -112462?
-112748
In base 3, what is 12 - 11200202010022?
-11200202010010
In base 11, what is -4371 - -2002?
-236a
In base 3, what is -10202111121 + 1?
-10202111120
In base 2, what is -10011100111100 + 100111001101?
-1110101101111
In base 16, what is -2030 - 1089b?
-128cb
In base 2, what is 1110110010001110 - -100011011?
1110110110101001
In base 12, what is -18100b51 - 2?
-18100b53
In base 9, what is 85174 + 362?
85546
In base 13, what is -2816c0 + 228?
-281495
In base 16, what is -35f8 + 498?
-3160
In base 5, what is 3112202 - 2210?
3104442
In base 4, what is 3 - 231222030000?
-231222023331
In base 16, what is c037099 + -1?
c037098
In base 11, what is -9176894 - 2?
-9176896
In base 9, what is -5366 - -47327?
41851
In base 9, what is 11786 - -134414?
146311
In base 12, what is 1 - 25726545?
-25726544
In base 4, what is 30023333 - -2120?
30032113
In base 14, what is -8b7c4 - 37?
-8b81b
In base 8, what is 34 - -113577675?
113577731
In base 3, what is -11 - -12001020221200220?
12001020221200202
In base 2, what is -10000100 + -101100110111110001?
-101100111001110101
In base 7, what is -2 + -12316114?
-12316116
In base 2, what is -110000001110 + 10100100100010?
1110100010100
In base 15, what is 2247 + -175?
20c2
In base 4, what is 1032123111321 - 10?
1032123111311
In base 3, what is 211022202 - -102020?
211201222
In base 6, what is -5523240 - 4053?
-5531333
In base 3, what is 101112200111 + 20010?
101112220121
In base 5, what is 40101 + 134221?
224322
In base 13, what is 16c80 + 105?
17085
In base 9, what is -472711563 + -3?
-472711566
In base 9, what is -220535812 - -1?
-220535811
In base 8, what is 14 + -2072322?
-2072306
In base 3, what is 20221211 + 2101110?
100100021
In base 13, what is 9 - 254a75c?
-254a753
In base 11, what is 6676 + -a293?
-3718
In base 16, what is 106 + 5223?
5329
In base 6, what is -15533 - -1502445?
1442512
In base 3, what is -1102112212 - 101012201?
-1210202120
In base 16, what is a1b + -2ee?
72d
In base 5, what is 32134122002 - 4?
32134121443
In base 11, what is -2 - 33121?
-33123
In base 16, what is cb11 + b?
cb1c
In base 13, what is -1b7 + -98866?
-98a50
In base 8, what is 330 + -5504517?
-5504167
In base 13, what is -1b - 1b7741?
-1b775c
In base 16, what is 2f1b + a07?
3922
In base 4, what is -310132 - -21110?
-223022
In base 4, what is -122023100201 + 11?
-122023100130
In base 14, what is -624661 + -2?
-624663
In base 8, what is 1035 - -355?
1412
In base 7, what is -1442051 - 2151?
-1444232
In base 11, what is -344 + 7514?
7180
In base 4, what is -212203 - -21232113?
21013310
In base 12, what is -1 - -2b891a2?
2b891a1
In base 15, what is -18c - -55d0?
5443
In base 4, what is 2322122232 - -1?
2322122233
In base 11, what is -2441152 + -2?
-2441154
In base 10, what is 6890 + 1673?
8563
In base 14, what is -5 - -8c3224?
8c321d
In base 8, what is -630 + 300366?
277536
In base 8, what is 74033062 + 120?
74033202
In base 8, what is 3 - -20620502?
20620505
In base 2, what is 110100011001 - -10110110010?
1001011001011
In base 4, what is -1 - -2131323213020?
2131323213013
In base 6, what is -120125551 + -15?
-120130010
In base 12, what is 22757 + -22a7?
20470
In base 2, what is -11011001011001111010010 + -1?
-11011001011001111010011
In base 8, what is 224032 - 141?
223671
In base 6, what is 25252123 + 13?
25252140
In base 14, what is 28d43 + 261b?
2b560
In base 4, what is 1 + -22132222330?
-22132222323
In base 2, what is -100 - -111000000100010110110?
111000000100010110010
In base 16, what is -3a250 - 5?
-3a255
In base 13, what is 514 + c9a?
14b1
In base 9, what is 116